and 15?
5
Suppose u - 5 = 13. Calculate the highest common factor of 2 and u.
2
Let y be 3 + (1 - 1) + 224/4. Calculate the highest common factor of y and 531.
59
Let s be ((-24)/10)/((-6)/(-20)). Let p be (s/(-5))/(6/15). What is the highest common divisor of 6 and p?
2
Let t = -102 + 117. Calculate the highest common factor of t and 6.
3
Suppose -32 = -4*k + 28. Suppose -w + 0*w = -k. Calculate the greatest common divisor of w and 60.
15
Suppose 2*r = -0*k + k + 575, -4*r = -k - 1155. Calculate the greatest common divisor of r and 10.
10
Suppose -2*q + 1 = 4*n - 15, -5*n + 35 = -5*q. Suppose -4*i - 1 = -x + 4, 0 = 3*x + 2*i - 15. Calculate the highest common factor of x and n.
5
Suppose 0*j - 22 = -3*j + 5*d, 4*j + 2*d - 38 = 0. Calculate the greatest common factor of j and 45.
9
Suppose 0*l = -l + 10. Let o(x) = 2*x - 10. Let b be o(0). Let w be (b/(-4))/(1/2). Calculate the highest common factor of w and l.
5
Let i be 130 + (-4)/(-3 - -1). Suppose -4*h + x + 0*x = -50, -4*h + 38 = 5*x. What is the greatest common factor of i and h?
12
Let i(l) = -3*l + 3. Let v be i(-3). Suppose -285 = -5*y - 0*y. Suppose -a + 2*q = -24, -a = 3*a + 5*q - y. What is the greatest common factor of v and a?
6
Suppose 0 = -2*i - 4*g - 22, 0*i - 2*i = 3*g + 21. Let t(x) = x + 13. Let h be t(i). What is the highest common factor of h and 36?
4
Suppose -1 = 3*h - 7. Calculate the greatest common divisor of 4 and h.
2
Let q(m) = 54*m + 17. Let x(l) = 81*l + 26. Let z(g) = 8*q(g) - 5*x(g). Let c be z(5). Let k = -96 + c. Calculate the greatest common factor of 30 and k.
15
Suppose -b = 4*b - 60. Calculate the highest common factor of b and 108.
12
Let y = 0 + 1. Let b be 9/3 - (-14 - y). Calculate the greatest common divisor of 6 and b.
6
Suppose -5*w + 101 - 71 = 0. Suppose -4*r = -0*r - 8. Calculate the greatest common divisor of w and r.
2
Let r be 4/(-6) - 180/(-27). Let c(z) = z**3 - 4*z**2 - 6*z - 4. Let v be c(r). What is the highest common divisor of v and 80?
16
Let i = -186 - -270. What is the highest common factor of 12 and i?
12
Suppose 0 = x + r - 6, -x + 8 = 2*x + 5*r. Let s be 12/9 - 3/9. Calculate the highest common divisor of s and x.
1
Suppose 7*u = 4*u + 21. Calculate the highest common divisor of u and 77.
7
Let g be 8/6 - (-12)/18. Suppose 0 = -x + 6 + g. Calculate the greatest common factor of 8 and x.
8
Let i be -12*2*(-2 - -1). Suppose 3*r - 14 = 4. What is the greatest common factor of r and i?
6
Suppose 3*b = -3*b + 114. Calculate the greatest common factor of 95 and b.
19
Suppose 4*o - 2*o = 2*s - 26, -4*s + 2*o = -58. Calculate the greatest common factor of 8 and s.
8
Suppose 4*w - 91 + 19 = -t, -6 = -3*w. What is the greatest common divisor of 16 and t?
16
Suppose 3*h - 31 = -10. Suppose -5*j + 128 + 105 = 4*a, 0 = -2*j + 2*a + 104. Calculate the highest common factor of j and h.
7
Let j be (0 - -1)*14/(-2). Let a = 10 - j. Calculate the highest common divisor of 85 and a.
17
Let n(u) = u**3 - 4*u**2 + 2*u + 15. Let r be n(6). Calculate the highest common factor of 27 and r.
9
Let b be 38/(-3)*3/(-2). Let c = b - 10. Let l = 30 + -21. What is the highest common divisor of c and l?
9
Let s(j) = -5*j - 2*j**3 + 2*j + 2*j + 0*j. Let t be s(-1). What is the highest common divisor of 3 and t?
3
Let u(q) = -q**2 - 19*q - 30. Let s be u(-14). What is the greatest common factor of 16 and s?
8
Suppose 0 = -o - 2 - 19. Let p = o + 33. Calculate the highest common factor of p and 48.
12
Suppose 2*y - 46 = 42. Let b = y - 29. Calculate the greatest common factor of 45 and b.
15
Suppose -c = -0*c - 2, 2 = -2*l + 4*c. Suppose -13 = -4*n + l. Calculate the highest common divisor of 2 and n.
2
Let j be (-4)/(-10) - (-26)/10. Let u = 8 - 3. Suppose 1 = t - u*z - 2, j*t + 3*z = 99. What is the greatest common factor of t and 4?
4
Suppose -2*u = 5 + 1. Let j(x) = x + 7. Let g be j(u). Let l = 10 + g. Calculate the highest common divisor of l and 42.
14
Let m(x) = -x**3 + 10*x**2 - 9*x + 7. Let a be m(9). What is the highest common divisor of 49 and a?
7
Let o = -729 + 1080. Calculate the highest common factor of o and 39.
39
Suppose 2*j - j - 73 = -5*w, -5*j + 452 = -4*w. What is the greatest common factor of j and 110?
22
Let a = -5 + 17. Let n = -1 - -19. What is the greatest common divisor of a and n?
6
Suppose -3*r - 25 + 157 = 0. Let p(b) = b**3 - 10*b**2 + 2*b + 2. Let a be p(10). What is the greatest common factor of a and r?
22
Suppose 3*x - 33 = -2*h, -4*x + x = 5*h - 33. Suppose 3*p + 2*p - 64 = -3*z, -45 = -3*p - 4*z. What is the highest common factor of p and x?
11
Suppose -7*b + 237 - 48 = 0. Calculate the highest common factor of 297 and b.
27
Suppose -k = -2*n - 3*k + 136, 3*n - 208 = -5*k. What is the greatest common factor of n and 6?
6
Let c be (4/(-8))/((-1)/28). Let z = -4 + c. What is the highest common factor of 80 and z?
10
Let i be (-814)/(-55) + 4/(-5). What is the greatest common divisor of 2 and i?
2
Let t be (-1)/((-10)/(-4))*-10. Suppose -4*f + 80 = -t*c, 5*f + c = -3*c + 118. Let a be 29 + (-8)/(1 - 3). What is the greatest common divisor of a and f?
11
Suppose 4*r = 4*t - 12, 4*t + r - 3 - 24 = 0. Let i(o) = -o + 2*o + 19 - t. Let z be i(-6). Calculate the highest common factor of 63 and z.
7
Let k(i) be the second derivative of -i**4/12 + 7*i**3/6 - 2*i**2 - 2*i. Let l be k(6). Let j = l - 0. Calculate the highest common factor of j and 3.
1
Suppose 19 + 17 = 3*x. Calculate the highest common divisor of 132 and x.
12
Let b = -261 + 448. Suppose -3*v = 170 + b. Let g = v - -196. Calculate the greatest common factor of 7 and g.
7
Let q(v) = -v**3 - v**2 - v + 9. Let i be q(0). Suppose 4*z - 18 = x, -5*z + 28 = -3*x + i. Let g = 9 - z. Calculate the greatest common factor of 28 and g.
4
Let q be (10/(-3))/(2/(-6)). Let n be (-90)/((-2)/(6/3)). What is the highest common divisor of q and n?
10
Let z(g) = 2*g + 4. Let a be z(-8). Let s = -8 - a. Suppose s - 1 = -3*u, 5*u = -3*b + 85. What is the greatest common factor of 20 and b?
10
Let l(p) = 24*p**3 + 2*p - 1. Let u be l(1). What is the highest common divisor of 175 and u?
25
Suppose 6*c - 101 = -5. Calculate the greatest common divisor of 1 and c.
1
Let o be 4*(3 + (-12)/8). Calculate the highest common divisor of 6 and o.
6
Suppose o = 2*m - 3*o - 72, 4*m - 134 = -2*o. Let n be (-1)/2*(6 - m). Calculate the highest common factor of 28 and n.
14
Suppose 3*d + 19 = w, 5*d - w = 20 - 55. Let u(h) = -2*h - 7. Let o be u(d). What is the greatest common divisor of 99 and o?
9
Suppose 5*s - 2*k = 73, -3*s = s + k - 48. What is the highest common divisor of s and 39?
13
Let a(b) = -b + 14. Let c(y) = 5*y - 7. Let u be c(3). Let l be a(u). Calculate the highest common divisor of 42 and l.
6
Let w be 4/6 + 40/30. What is the highest common factor of w and 10?
2
Let x(b) = b**3 + 7*b**2 - 10*b + 1. Let h be x(-8). Let t be -2 + (86 - (-3)/3). What is the highest common factor of h and t?
17
Let f = 81 - 53. Calculate the greatest common factor of f and 21.
7
Suppose 9 - 3 = 2*k. Suppose 30 = k*c - 123. What is the greatest common divisor of c and 34?
17
Let x(d) = d**3 + 3*d**2 - 8*d - 10. Let c be x(-4). Let k be (c + 2 + -4)*4. What is the highest common divisor of 144 and k?
16
Let n = -18 - -28. Let p be ((-48)/(-15))/(1/n). Calculate the greatest common divisor of p and 80.
16
Let x be (10 - 7) + 5 + 0. What is the greatest common divisor of 56 and x?
8
Let i = 35 + -13. Suppose -i*v - 25 = -27*v. Calculate the greatest common factor of 40 and v.
5
Let p(q) be the second derivative of -q**5/20 + q**4/2 - q**3/3 - 2*q**2 - q. Let n be p(5). Let u = 65 - -34. What is the highest common factor of n and u?
11
Let h(l) = -l**2 + 7*l - 6. Let i = 6 + -1. Suppose 20 = i*f - j, 2*f - 5*j + 40 = 5*f. Let k be h(f). What is the greatest common factor of k and 6?
2
Suppose 0 = -u + 1 + 3. What is the highest common divisor of 4 and u?
4
Suppose 4*s + 3 = -5. Let f(z) be the third derivative of z**5/30 + z**4/12 + z**3/2 + 2*z**2. Let j be f(s). What is the greatest common divisor of 21 and j?
7
Suppose 0 = -2*a + 6*a - 20. Suppose a*n - 219 = -4*v, 2*v - 3*v - 2*n = -54. Calculate the highest common factor of v and 14.
14
Let i be 2*((-27)/6)/(-3). Calculate the greatest common divisor 